{"id":45,"date":"2023-01-09T10:04:08","date_gmt":"2023-01-09T10:04:08","guid":{"rendered":"http:\/\/www.colab.com.tr\/?page_id=45"},"modified":"2023-01-09T11:11:13","modified_gmt":"2023-01-09T11:11:13","slug":"hakkimizda","status":"publish","type":"page","link":"http:\/\/www.colab.com.tr\/?page_id=45","title":{"rendered":"Hakk\u0131m\u0131zda"},"content":{"rendered":"\n<ol class=\"wp-block-list\" start=\"21\"><\/ol>\n\n\n\n<p>21.y\u00fczy\u0131l T\u00fcrkiye\u2019sinde ac\u0131mas\u0131z k\u00fcresel i\u015f d\u00fcnyas\u0131nda daha rekabet\u00e7i olmas\u0131 i\u00e7in, yenilik\u00e7i \u00fcr\u00fcn ve hizmetlerle, en iyi bildi\u011fimiz i\u015fi yaparak T\u00fcrkiye&#8217;nin yaz\u0131l\u0131m \/ bili\u015fim sekt\u00f6r\u00fcndeki geli\u015fimine ve firmalar\u0131n dijitalizasyon s\u00fcre\u00e7lerine \u00f6nemli katk\u0131larda bulunma amac\u0131yla kurulduk.<\/p>\n\n\n\n<p>Kurum i\u00e7i s\u00fcre\u00e7lerinizin birbirine entegrasyonunu en \u00fcst seviyeye \u00e7\u0131karmaya \u00e7al\u0131\u015f\u0131rken, \u00fcretti\u011fimiz \u00e7\u00f6z\u00fcmlerle sizi ve m\u00fc\u015fterilerinizi, tedarik\u00e7i, servislerinizi ve bayilerinizi de bu s\u00fcre\u00e7lere d\u00e2hil ediyoruz. Bu sistemleri geli\u015ftirerek,\u00a0 m\u00fc\u015fterilerimize bu \u00e7\u00f6z\u00fcmleri kolayca al\u0131nabilen paket hizmetler haline getirmenin sevincini ve gururunu ya\u015f\u0131yoruz. M\u00fc\u015fterilerimizin rekabet avantaj\u0131 sa\u011flamak \u00fczere ana i\u015flerine odaklanmalar\u0131 gereklili\u011finden yola \u00e7\u0131karak, onlar\u0131n do\u011frudan elde etmek istedikleri fayday\u0131 tan\u0131mlamakta ve en y\u00fcksek kalitede ve verimlilikte\u00a0 hizmet vermekteyiz.<\/p>\n\n\n\n<p>COLAB B\u0130L\u0130\u015e\u0130M (ve \u0130\u015f Ortaklar\u0131m\u0131z) olarak m\u00fc\u015fterilerimize yeni ufuklar a\u00e7ma ve i\u015flerini b\u00fcy\u00fctme s\u00fcrecinde destek olmaktan ve en etkin \u00e7\u00f6z\u00fcmleri \u00fcretecek olmaktan dolay\u0131 \u00e7ok mutluyuz. Ba\u015far\u0131n\u0131n gelece\u011finin bilgi teknolojileri oldu\u011fu ger\u00e7e\u011fi ile; yeni ekonomik d\u00fczenin gerektirdi\u011fi projelerin ba\u015far\u0131ya ula\u015fmas\u0131 ve kurumlara rekabet avantaj\u0131 sa\u011flamas\u0131 i\u00e7in, edindi\u011fimiz deneyimleri aktarmaya ve i\u015f m\u00fckemmelli\u011fi kapsam\u0131nda artan hizmet kalitemizle siz de\u011ferli m\u00fc\u015fterilerimiz i\u00e7in \u00e7al\u0131\u015fmaya t\u00fcm g\u00fcc\u00fcm\u00fczle devam edece\u011fiz.<\/p>\n\n\n\n<p>Yapt\u0131\u011f\u0131m\u0131z i\u015fin devaml\u0131l\u0131\u011f\u0131 ve farkl\u0131 alanlardaki geli\u015fmeleri \u00f6zellikle yapay zeka ve makine \u00f6\u011frenmesi gibi ak\u0131ll\u0131 gelecek konular\u0131na daha fazla focus olarak, bir AR-GE Merkezi olabilmek ve yurtd\u0131\u015f\u0131ndaki teknoloji merkezlerinde yer alabilmek amac\u0131yla, cal\u0131\u015fmalar\u0131m\u0131z devam etmektedir.<\/p>\n","protected":false},"excerpt":{"rendered":"<p>21.y\u00fczy\u0131l T\u00fcrkiye\u2019sinde ac\u0131mas\u0131z k\u00fcresel i\u015f d\u00fcnyas\u0131nda daha rekabet\u00e7i olmas\u0131 i\u00e7in, yenilik\u00e7i \u00fcr\u00fcn ve hizmetlerle, en [&hellip;]<\/p>\n","protected":false},"author":1,"featured_media":0,"parent":0,"menu_order":0,"comment_status":"closed","ping_status":"closed","template":"","meta":{"footnotes":""},"class_list":["post-45","page","type-page","status-publish","hentry"],"_links":{"self":[{"href":"http:\/\/www.colab.com.tr\/index.php?rest_route=\/wp\/v2\/pages\/45","targetHints":{"allow":["GET"]}}],"collection":[{"href":"http:\/\/www.colab.com.tr\/index.php?rest_route=\/wp\/v2\/pages"}],"about":[{"href":"http:\/\/www.colab.com.tr\/index.php?rest_route=\/wp\/v2\/types\/page"}],"author":[{"embeddable":true,"href":"http:\/\/www.colab.com.tr\/index.php?rest_route=\/wp\/v2\/users\/1"}],"replies":[{"embeddable":true,"href":"http:\/\/www.colab.com.tr\/index.php?rest_route=%2Fwp%2Fv2%2Fcomments&post=45"}],"version-history":[{"count":2,"href":"http:\/\/www.colab.com.tr\/index.php?rest_route=\/wp\/v2\/pages\/45\/revisions"}],"predecessor-version":[{"id":48,"href":"http:\/\/www.colab.com.tr\/index.php?rest_route=\/wp\/v2\/pages\/45\/revisions\/48"}],"wp:attachment":[{"href":"http:\/\/www.colab.com.tr\/index.php?rest_route=%2Fwp%2Fv2%2Fmedia&parent=45"}],"curies":[{"name":"wp","href":"https:\/\/api.w.org\/{rel}","templated":true}]}}